. Suppose f*i - 7*b = -3*b + 34, 0 = 2*b + 8. Let w(o) = -o**3 + 9*o**2 + o - 3. Calculate w(i).
6
Suppose -4*t = 12, 2*v + 4*t = -0*v - 14. Let k(z) = -z**3 - z**2 - z - 1. Determine k(v).
0
Let c(n) be the second derivative of n**5/10 + 2*n**4/3 + 2*n**3/3 + n**2 - 26*n. Calculate c(-3).
8
Let c be 28/(-2)*(-2 + (-15)/(-6)). Let p(b) = -b**3 - 6*b**2 + 5*b - 10. What is p(c)?
4
Let k(u) = 5*u**2 - u - 1 - 831*u**3 + 418*u**3 + 414*u**3. Calculate k(-5).
4
Let d(s) = s**2 + 2*s - 4. Let j be d(-4). Let m = j - 7. Let g(f) be the first derivative of -f**3/3 - f**2/2 - 3. Calculate g(m).
-6
Let j(t) = t**2 - 2*t - 12. Let p be (2/4)/(1 - (-18)/(-20)). Give j(p).
3
Let x = -110 + 108. Let j be ((-6)/(x - 16))/(2/(-24)). Let i(c) = -3*c**2 + 8*c + 5. Let s(h) = -2*h**2 + 7*h + 4. Let o(d) = 4*i(d) - 5*s(d). Calculate o(j).
-20
Let n be (2 - 6) + 51 + -38. Let h(y) = -y + 24. What is h(n)?
15
Suppose -2*o + 14 = -i + 6, -i + 4*o = 12. Let a(d) = -4*d - 4. Let m be a(-2). Let y(w) = w + 7 - 5 - m. Give y(i).
-6
Let w(t) = -1 - 805*t**2 + 1616*t**2 + 0 - 809*t**2. Let z be (-2)/6 + (-14)/(-6). What is w(z)?
7
Let x(k) be the first derivative of -7*k**2/2 - 2*k - 178. Calculate x(-2).
12
Let u(n) = -2*n - 9. Let f(t) = -2*t - 11. Let x(v) = -4*f(v) + 5*u(v). Determine x(-2).
3
Let x(v) = v**2 + 5*v - 71. Let l be x(-11). Let d(k) = -k - 3. Give d(l).
2
Let r(g) = 2*g - 5. Let m(s) = -3*s + 11. Let h(z) = -3*m(z) - 5*r(z). Suppose -t - 8 = 2*b, -3*t + 8 - 21 = -5*b. Determine h(t).
-2
Let p(v) = -v**2 + v - 1. Suppose 0 = -5*q - 0 - 50. Let k = q - -14. Suppose -2*f - k*x = -20, 4*f - 4*x + 4 = -x. Determine p(f).
-3
Let s(m) = 2*m**2 - 5*m + 2. Suppose 4*b - 17 = 23. Let x be (-4)/b + (-18)/30. Let a be 4 + (-1 - 1) - x. Determine s(a).
5
Let f(l) = 2*l + 0*l + 5 + l**3 - 78*l**2 + 84*l**2. Calculate f(-6).
-7
Let i be 2 + (-2 + -2)*2. Let n(x) = -4*x - 9. Let j(a) be the second derivative of 13*a**3/6 + 27*a**2/2 - 2*a. Let w(h) = -2*j(h) - 7*n(h). Calculate w(i).
-3
Let p(r) = r**3. Let t(y) = 12*y**3 - y**2 - 2*y - 1. Let w(i) = 4*p(i) - t(i). Determine w(-1).
8
Let d(n) = -7*n + 3. Suppose -13 = -7*s - 6. Calculate d(s).
-4
Let f = -4 - -6. Suppose f*u - 4 = -2*v, -2*v + 4 = -3*u - 0*v. Let z(a) = -3*a**2 - 3 - 6 + 0*a + 2*a**2 + a. Determine z(u).
-9
Suppose -3*b - h = -84, -3*h - h = 3*b - 75. Let t = 29 - b. Let p(g) = g**2 + 3. Give p(t).
3
Let y = 117 + -111. Let w(h) = h**2 - 5*h - 12. Calculate w(y).
-6
Suppose 3*d + d = -4*a + 12, 0 = a + 2. Let p(u) = -u**2 + 6*u + 1. Determine p(d).
6
Let w = 130 - -14. Let x(s) = 3*s**2 + w*s + 8 - s**3 + 0*s**3 - 137*s + s**2. Give x(6).
-22
Suppose -7*k - 90 = -20. Let b(j) = -4*j + 10. What is b(k)?
50
Let w(r) = 4 - 7*r - 2 + r - 12*r - r. Give w(-2).
40
Let k(a) = a - 5. Let u(g) = g**3 + 4*g**2 - 6*g + 4. Let o be u(-5). Let s(b) = -b**2 - 14*b + 5. Let f be s(-12). Suppose -o = 4*y - f. Calculate k(y).
0
Let w = -9 - -16. Let x(j) = -j - 11 + 17 + 20 - 37 + 15. Give x(w).
-3
Let i = 38 + -36. Suppose -n = -i*n + 3. Let t(u) = u**3 - 2*u**2 - 4*u. Determine t(n).
-3
Let c(p) = -p**2 - 3. Let v be (-18)/(-54) - (-55)/(-3). Let t = v + 15. Calculate c(t).
-12
Let l(r) = 2*r - 6. Suppose -3*x - 24 = -7*x. Let n be (64/12)/((-2)/x). Let d = n - -20. Give l(d).
2
Let y(p) = 4*p**3 - 12 + 7*p**2 - 4*p**3 + 9*p + 2*p**3 - 3*p**3. Let k be (3 - (-3 - (-1)/(-1))) + 1. Calculate y(k).
-4
Let q(z) = 32*z + 2. Let f(n) = n**3 - n**2 + 27*n + 28. Let j be f(-1). What is q(j)?
-30
Let m(f) = f**3 - 2 - f + 5*f - 2*f**2 - f. Suppose 372*q - 366*q = 12. Calculate m(q).
4
Let q(p) = -4*p + 10. Suppose 15*z + 12 = 19*z. Let o(s) = -3*s + 9. Let v(n) = z*o(n) - 2*q(n). Let y be v(5). Let r(b) = b - 1. What is r(y)?
1
Let p(h) = -4*h - 5. Let q be p(-2). Suppose -t + 2 = -q. Let l(z) = z - 3. Calculate l(t).
2
Let t(n) be the second derivative of -n**4/6 + 13*n**3/6 - 7*n**2/2 - 257*n. Determine t(5).
8
Let l = 38 - 34. Suppose -l*f + 30 = f. Let a(x) = x + 0 + 0*x - 1. Calculate a(f).
5
Let d(a) be the third derivative of 0*a - 29*a**2 + 0 - 1/24*a**4 + 7/3*a**3. Calculate d(0).
14
Let c(j) be the second derivative of -1/12*j**4 + 0 - 1/6*j**3 + 1/4*j**5 + 1/2*j**2 + 6*j. What is c(1)?
4
Let s(w) be the first derivative of -w**4/4 - 4*w**3/3 - 2*w**2 + 5*w - 403. What is s(-4)?
21
Let n(z) = -2 + 2*z + 6 - 3 + 43*z**2 + 0. Give n(-1).
42
Let f(h) = h**2 + 12*h + 4. Let g(j) = j + 1. Let q(v) = -f(v) + 3*g(v). Determine q(-8).
7
Let y(x) = -x + 8. Let a(n) = 11*n - 128. Let d be a(13). What is y(d)?
-7
Let c(k) = 4*k + 97 - 92 - 2*k**3 + 6*k**2 + k. Determine c(5).
-70
Let u(i) = i**3 - 5*i**2 - 11*i + 8. Suppose 8 = f - 5*f. Let v(p) = -p**3 + 5*p**2 + 12*p - 8. Let o(n) = f*v(n) - 3*u(n). Calculate o(6).
10
Suppose 14 = 2*w + 2*j, -w + 4*j + 0*j = 8. Let b(g) = -9*g + 2. Determine b(w).
-34
Let a(j) be the third derivative of -j**5/12 - j**4/6 + 11*j**3/6 - 11*j**2. Let t(i) = 14*i**2 + 11*i - 32. Let g(x) = 11*a(x) + 4*t(x). Give g(-5).
18
Let b(i) = -2*i + 1. Let k be ((-5)/(25/2))/(24/(-420)). What is b(k)?
-13
Let w(k) be the third derivative of -k**4/8 + 44*k**2. Determine w(-4).
12
Let m(k) = -9. Let l(v) = 3*v + 5. Let p(t) = t + 2. Let i(q) = -2*l(q) + 5*p(q). Let r(j) = -4*i(j) + m(j). Calculate r(6).
15
Let u(j) be the third derivative of j**8/6720 - j**7/315 + j**6/144 + 7*j**5/120 - j**4/24 - 3*j**2. Let m(c) be the second derivative of u(c). Calculate m(7).
-7
Let s(q) = q**2 + 13*q + 10. Let c = -2042 + 2029. Calculate s(c).
10
Let l(y) = -3*y**2 - y - 2. Let o = 6 - 13. Let h(a) = a + 11. Let p be h(o). Suppose -3*d + p*d = -2. What is l(d)?
-12
Suppose 2*m - 3*m + y = -1, m - 2*y - 1 = 0. Let v(a) = 2*a**3 + 2*a**3 + m - 5*a**3. Let k = 1887 - 1887. Give v(k).
1
Let w = -4 + 7. Let m be (-5)/w - 5/15. Let l(v) = 4*v + 3. What is l(m)?
-5
Let z = 198 + -183. Suppose -5*b = 6*b - z*b. Let y(i) = 5*i**2 + 7*i - 4. Let g(h) = -11*h**2 - 15*h + 8. Let l(t) = 6*g(t) + 13*y(t). Determine l(b).
-4
Let t be 24/(-8)*-2*(-10)/15. Let i(b) = b**2 + 5*b + 4. What is i(t)?
0
Let y(k) = k + 1. Let f(x) = -7*x - 8. Let w(u) = f(u) + 5*y(u). Suppose 2*h = s + 135, -7*h - s + 255 = -3*h. Let t = h - 67. Give w(t).
1
Let v(g) = -g - 6. Let x(j) = 6. Let c(m) = -4*v(m) - 5*x(m). Suppose 0 = 10*z - 27 - 13. Suppose 9*d = z*w + 4*d - 10, 1 = w - 2*d. Calculate c(w).
14
Let u(y) = y**3 - 3*y**2 + y + 2. Suppose 4*d - 3*d = 0. Suppose -10 = -5*j - d. Let a be (1 - (j + 2))*-1. What is u(a)?
5
Let c(l) = -2*l**2 + 10*l + 4. Let d be (1 + (-16)/6)*3. Let a(k) = -2*k**2 + 9*k + 4. Let s(v) = d*a(v) + 4*c(v). Give s(4).
8
Let q(d) be the first derivative of -d**4/2 - 2*d**3/3 - d - 4. Suppose 0 = 5*n + 20. Let c = -6 - n. Calculate q(c).
7
Let k(h) = h**2 - h + 1. Let t(m) = 3*m**2 - m + 2. Let y(r) = -5*k(r) + t(r). Suppose 5*n - 15 = -3*z + 2*z, 5*z = -3*n + 31. Determine y(n).
-3
Let f(d) = -2 + d + d + 12 - 8 - 1. Give f(7).
15
Suppose -10*r + 45 = 2*s - 5*r, -r + 5 = 0. Suppose -5*q + 25 = -s*q. Let k(p) = -4*p - 6. Give k(q).
14
Let v(d) = -d**3 + 1. Let h(g) = -7*g - 2. Let k be h(-1). Let n(q) = -4*q**3 - q**2 - q + 5. Let p(z) = k*v(z) - n(z). Determine p(2).
-2
Let b(s) = -4*s + 2 - 3*s + 6*s. Let c(j) = 5*j - 4. Let z be c(8). Let u = z + -34. Calculate b(u).
0
Let z(b) = 2*b - b - 2 + 4. Let n(x) = -12*x + 351. Let j be n(29). Calculate z(j).
5
Let q(b) = 2*b**2 + 4*b - 1. Let a = -72 + 71. Let r be 9 + -7 - (-6)/a. Calculate q(r).
15
Let i(b) = b**2 + 5*b - 3. Suppose -62*t = -65*t + 15. Suppose 2*q + 4 = q, 4*d - t*q - 4 = 0. Determine i(d).
-7
Let l(s) = 3*s**2 + 14*s - 1. Let y(m) = m**2 + 5*m. Suppose w - k = 2*k + 26, -5*w + 60 = -k. Let o(i) = w*y(i) - 4*l(i). Calculate o(3).
-8
Suppose -5*h + 18 = -3*t, 5 = 5*h - 10. Let q(u) = 2*u**2 - 1. Calculate q(t).
1
Let y(g) = -5*g**2 + 3*g + 21. Let n(p) = -3*p**2 + p + 11. Let h = -117 + 113. Let u(o) = h*y(o) + 7*n(o). What is u(-6)?
-13
Let f be -2*2/(-4)*3. Suppose -35 + f = 2*d. Let w = -10 - d. Let i(z) = -z**2 + 6*z + 8. Determine i(w).
8
Let w(p) = -4*p**3 + 8*p**2 - 7*p + 5. Let h(r) = 8*r**3 - 17*r**2 + 15*r - 11. Let f(v) = 6*h(v) + 13*w(v). Calculate f(1).
-4
Let r(u) = u - 20. Suppose 127*n - 116*n - 165 = 0. Give r(n).
-5
Let y(n) = 6*n**2 + n +